composite?
False
Is 812338 prime?
False
Is 12486457 composite?
False
Is 670798955 a prime number?
False
Is 1379753 a prime number?
True
Is 141977801 a prime number?
False
Is 166671907 prime?
True
Is 50934909 a composite number?
True
Is 18380597 a prime number?
False
Is 1298573 a prime number?
True
Is 21235078 prime?
False
Is 2372203 composite?
True
Is 249412187 composite?
False
Is 2723069 composite?
False
Is 892978883 prime?
True
Is 357053 prime?
False
Is 119193199 a prime number?
False
Is 778469 a composite number?
False
Is 5741893 composite?
False
Is 197291779 a composite number?
True
Is 350485763 a composite number?
True
Is 466399 a composite number?
True
Is 284192039 composite?
True
Is 16298587 a composite number?
False
Is 2808769 prime?
False
Is 95949833 a composite number?
True
Is 20122189 a composite number?
True
Is 5339669 a prime number?
True
Is 81398027 a composite number?
False
Is 45752557 composite?
False
Is 4957586 composite?
True
Is 247666813 a prime number?
True
Is 1392217 a composite number?
True
Is 121528501 a prime number?
True
Is 269347765 prime?
False
Is 1374673 a prime number?
True
Is 9193157 prime?
True
Is 308615 a composite number?
True
Is 43517197 a composite number?
True
Is 246003083 composite?
True
Is 12252847 a composite number?
False
Is 4643531 a prime number?
False
Is 906033313 prime?
False
Is 39851765 a composite number?
True
Is 25812373 a prime number?
False
Is 38143229 composite?
True
Is 759893 prime?
True
Is 22701139 a composite number?
False
Is 41509115 a composite number?
True
Is 17016171 prime?
False
Is 335448587 composite?
False
Is 9339971 composite?
False
Is 36839389 a composite number?
True
Is 257539 composite?
False
Is 152106413 prime?
True
Is 3619951 a prime number?
False
Is 121760003 composite?
True
Is 11032789 prime?
False
Is 1849943 a composite number?
True
Is 3592169 prime?
False
Is 106927019 a composite number?
True
Is 740441969 prime?
False
Is 1563209 composite?
False
Is 1040719371 a composite number?
True
Is 9988133 prime?
False
Is 15778429 a prime number?
False
Is 36061559 a composite number?
False
Is 197822987 composite?
True
Is 34240069 a composite number?
False
Is 7550981 a composite number?
False
Is 52453 a composite number?
False
Is 1113731 prime?
False
Is 10813991 prime?
False
Is 2313907 a prime number?
True
Is 30082963 a prime number?
False
Is 88455407 composite?
False
Is 625351 prime?
True
Is 16370309 prime?
True
Is 110031343 a composite number?
False
Is 4991185 a composite number?
True
Is 117359491 prime?
False
Is 33083159 a prime number?
False
Is 4441519 prime?
False
Is 301439 a composite number?
True
Is 13530599 prime?
True
Is 33847955 a composite number?
True
Is 5156989 prime?
False
Is 31855361 a composite number?
False
Is 1472623 a composite number?
False
Is 55598447 prime?
True
Is 27595163 a prime number?
False
Is 1850029 prime?
True
Is 6884485 a composite number?
True
Is 11911969 a composite number?
False
Is 67177153 a composite number?
True
Is 5763741 a prime number?
False
Is 1077571 a prime number?
False
Is 4206841 prime?
False
Is 2434381 prime?
True
Is 15178679 a prime number?
False
Is 45900961 composite?
True
Is 324259 a prime number?
False
Is 7535197 composite?
False
Is 2992939 a composite number?
False
Is 22411123 a prime number?
False
Is 84763909 a prime number?
True
Is 14903771 composite?
True
Is 30542717 prime?
True
Is 328679969 a prime number?
True
Is 413451449 a prime number?
True
Is 2284757 prime?
True
Is 7244953 composite?
False
Is 877483 prime?
False
Is 92955974 composite?
True
Is 213269 composite?
True
Is 8360813 prime?
False
Is 4233842 a prime number?
False
Is 15327937 prime?
False
Is 307476971 a composite number?
False
Is 4251673 composite?
True
Is 1138483 a composite number?
False
Is 12289001 a composite number?
False
Is 24966679 a prime number?
False
Is 6494167 a composite number?
False
Is 1399261 a composite number?
False
Is 3828115 prime?
False
Is 821027 a composite number?
False
Is 1305509 composite?
True
Is 5501065 a composite number?
True
Is 24908123 a prime number?
False
Is 85172761 a composite number?
False
Is 220460459 a prime number?
False
Is 28483493 prime?
True
Is 6752777 prime?
False
Is 10439207 a prime number?
False
Is 9699077 a composite number?
True
Is 375086279 composite?
True
Is 12956957 a composite number?
True
Is 177298757 composite?
True
Is 7106873 prime?
False
Is 2570526317 prime?
True
Is 1231559 composite?
True
Is 1443383 a composite number?
False
Is 13205495 a composite number?
True
Is 79650667 composite?
False
Is 44844087 a composite number?
True
Is 18468161 prime?
True
Is 18779 a prime number?
False
Is 7043903 a prime number?
False
Is 18536983 composite?
True
Is 27179 a prime number?
True
Is 4585573 a prime number?
True
Is 464828061 a prime number?
False
Is 181962877 a prime number?
True
Is 7167101 prime?
True
Is 19955171 a prime number?
False
Is 144660941 prime?
True
Is 28874519 a prime number?
False
Is 113197061 composite?
True
Is 33458723 a composite number?
True
Is 126008279 a prime number?
False
Is 18220649 a composite number?
False
Is 396774403 prime?
False
Is 1802407 a composite number?
False
Is 5031769 composite?
False
Is 4254409 a prime number?
False
Is 175691927 composite?
True
Is 505477 a prime number?
False
Is 105829329 composite?
True
Is 67941217 prime?
True
Is 2980860983 a composite number?
False
Is 9389927 a prime number?
True
Is 155830883 composite?
True
Is 874597 prime?
True
Is 1899451 composite?
True
Is 868201 composite?
True
Is 56610637 composite?
False
Is 32649 a prime number?
False
Is 3129299 composite?
True
Is 639908783 a composite number?
True
Is 6478091 a prime number?
False
Is 1535603 composite?
False
Is 3483559 a composite number?
True
Is 51825533 a prime number?
True
Is 59843207 prime?
False
Is 184877731 prime?
True
Is 2354459 prime?
True
Is 59101883 prime?
False
Is 4323101 prime?
True
Is 273427951 a prime number?
True
Is 191363 a composite number?
True
Is 12558899 composite?
True
Is 92915 a composite number?
True
Is 5266111 composite?
True
Is 338621489 prime?
True
Is 3566429 a prime number?
True
Is 16479623 a composite number?
False
Is 31714454 a prime number?
False
Is 126800339 a composite number?
False
Is 1615063 prime?
False
Is 3690671 a composite number?
False
Is 737830987 a prime number?
False
Is 73390333 a prime number?
True
Is 6877579 composite?
False
Is 17071127 prime?
False
Is 2961597 prime?
False
Is 45990671 a prime number?
True
Is 109436861 composite?
True
Is 10039 composite?
False
Is 2614595 composite?
True
Is 16310134 a prime number?
False
Is 84447635 a prime number?
False
Is 111804209 prime?
False
Is 2170193 composite?
False
Is 17232823 a prime number?
False
Is 38953595 composite?
True
Is 30853139 a composite number?
False
Is 997410361 a prime number?
True
Is 216747001 a composite number?
True
Is 139007537 a composite number?
False
Is 4375849 a prime number?
True
Is 382511 a prime number?
True
Is 2146847 composite?
False
Is 28626803 a composite number?
False
Is 48661553 prime?
True
Is 5115311 prime?
False
Is 14043235 a prime number?
False
Is 11464399 composite?
False
Is 4574561 composite?
True
Is 168986107 prime?
False
Is 47262211 a prime number?
True
Is 853831699 a prime number?
False
Is 58223897 composite?
False
Is 19091797 a composite number?
True
Is 215325601 prime?
True
Is 19120487 composite?
False
Is 655643 a prime number?
True
Is 35236319 a composite number?
False
Is 2803637 a composite number?
False
Is 3096047 a prime number?
True
Is 44428717 a composite number?
False
Is 561016799 prime?
False
Is 979135343 a composite number?
True
Is 45489149 a prime number?
True
Is 53467751 a composite number?
False
Is 525697 composite?
False
Is 195443 a prime number?
True
Is 18550681 prime?
True
Is 135165167 composite?
False
Is 336531577 a composite number?
False
Is 46941731 composite?
False
Is 26167187 a composite number?
False
Is 6553487 a composite number?
False
Is 27723491 a composite number?
False
Is 513703922 a prime number?
False
Is 3530563 a composite number?
False
Is 40706621 prime?
True
Is 27875669 prime?
False
Is 896012501 a composite number?
False
Is 18892777 prime?
True
Is 70386853 prime?
True
Is 44082737 prime?
True
Is 42436073 a composite number?
False
Is 418316527 prime?
False
Is 90